9815535?
9
What is the hundred thousands digit of 424719985?
7
What is the hundred thousands digit of 345572439?
5
What is the thousands digit of 203699?
3
What is the thousands digit of 267067015?
7
What is the hundred thousands digit of 2866348370?
3
What is the hundred thousands digit of 323456114?
4
What is the ten millions digit of 36982718?
3
What is the tens digit of 8901087690?
9
What is the tens digit of 55881459?
5
What is the millions digit of 142322557?
2
What is the thousands digit of 58866477?
6
What is the millions digit of 1138871?
1
What is the units digit of 140760123?
3
What is the hundred millions digit of 578947425?
5
What is the hundreds digit of 25899887?
8
What is the ten thousands digit of 2062495071?
9
What is the ten thousands digit of 398318555?
1
What is the ten millions digit of 55024427?
5
What is the ten thousands digit of 267263865?
6
What is the tens digit of 227734323?
2
What is the hundred millions digit of 390785931?
3
What is the ten thousands digit of 7440212?
4
What is the hundred thousands digit of 526320028?
3
What is the thousands digit of 1596598078?
8
What is the hundred thousands digit of 366361678?
3
What is the units digit of 3703329082?
2
What is the hundred millions digit of 415282012?
4
What is the hundred thousands digit of 60869333?
8
What is the units digit of 322331902?
2
What is the units digit of 8166538?
8
What is the thousands digit of 1316407499?
7
What is the units digit of 105978020?
0
What is the millions digit of 5972496356?
2
What is the ten thousands digit of 30543207?
4
What is the thousands digit of 90669580?
9
What is the millions digit of 512408703?
2
What is the hundred thousands digit of 338401204?
4
What is the tens digit of 285056195?
9
What is the hundreds digit of 156271758?
7
What is the hundred millions digit of 290339393?
2
What is the hundred thousands digit of 3301398178?
3
What is the hundred thousands digit of 40038160?
0
What is the millions digit of 1095573098?
5
What is the tens digit of 587764156?
5
What is the units digit of 1302513277?
7
What is the ten millions digit of 212898812?
1
What is the hundred millions digit of 876583483?
8
What is the hundred thousands digit of 952397600?
3
What is the hundred millions digit of 341821337?
3
What is the ten thousands digit of 4047617804?
1
What is the ten thousands digit of 782688731?
8
What is the hundred thousands digit of 1004017519?
0
What is the hundred millions digit of 830792551?
8
What is the hundred millions digit of 2023447762?
0
What is the ten millions digit of 24835865?
2
What is the tens digit of 59560631?
3
What is the units digit of 192004382?
2
What is the ten thousands digit of 9239094?
3
What is the tens digit of 351638059?
5
What is the hundreds digit of 955317471?
4
What is the thousands digit of 82695906?
5
What is the thousands digit of 12829725?
9
What is the hundred millions digit of 269826292?
2
What is the units digit of 497910158?
8
What is the hundred thousands digit of 5922177140?
1
What is the hundreds digit of 70312147?
1
What is the units digit of 29421236?
6
What is the tens digit of 42956957?
5
What is the ten millions digit of 1153988662?
5
What is the ten thousands digit of 610115592?
1
What is the hundreds digit of 36365650?
6
What is the ten thousands digit of 255995941?
9
What is the units digit of 22774697?
7
What is the hundreds digit of 5967219781?
7
What is the ten thousands digit of 183746390?
4
What is the tens digit of 27255547?
4
What is the tens digit of 40871124?
2
What is the millions digit of 159432968?
9
What is the hundreds digit of 5679317?
3
What is the billions digit of 1860026569?
1
What is the thousands digit of 31199164?
9
What is the tens digit of 756509697?
9
What is the hundred millions digit of 1108427281?
1
What is the thousands digit of 415079657?
9
What is the ten thousands digit of 704775518?
7
What is the ten millions digit of 505511155?
0
What is the hundred millions digit of 1418870748?
4
What is the units digit of 274359321?
1
What is the ten thousands digit of 115449045?
4
What is the hundreds digit of 162760663?
6
What is the hundreds digit of 33028438?
4
What is the hundreds digit of 283618186?
1
What is the hundreds digit of 547638185?
1
What is the ten millions digit of 154726072?
5
What is the millions digit of 6792173?
6
What is the millions digit of 882379570?
2
What is the billions digit of 1549552456?
1
What is the thousands digit of 169772096?
2
What is the tens digit of 6306016613?
1
What is the units digit of 6593023149?
9
What is the hundreds digit of 7125973647?
6
What is the hundreds digit of 237868234?
2
What is the ten thousands digit of 1691032027?
3
What is the units digit of 101771276?
6
What is the hundreds digit of 211413660?
6
What is the ten thousands digit of 9177077?
7
What is the hundred thousands digit of 155619091?
6
What is the ten thousands digit of 960316314?
1
What is the ten thousands digit of 206854450?
5
What is the hundreds digit of 1471837413?
4
What is the thousands digit of 449406292?
6
What is the thousands digit of 6678038535?
8
What is the tens digit of 423551336?
3
What is the hundreds digit of 909466?
4
What is the millions digit of 1224940291?
4
What is the ten thousands digit of 36418128?
1
What is the units digit of 25470888?
8
What is the hundred millions digit of 180400373?
1
What is the millions digit of 618196043?
8
What is the millions digit of 3747414?
3
What is the units digit of 104455301?
1
What is the thousands digit of 114566245?
6
What is the thousands digit of 347845779?
5
What is the ten millions digit of 77501024?
7
What is the hundreds digit of 253726455?
4
What is the millions digit of 398557076?
8
What is the hundreds digit of 2036654481?
4
What is the units digit of 1967370?
0
What is the tens digit of 196221731?
3
What is the millions digit of 51926575?
1
What is the hundreds digit of 143509303?
3
What is the ten millions digit of 4565688816?
6
What is the hundreds digit of 11306818?
8
What is the ten millions digit of 2237421003?
3
What is the ten millions digit of 10441856?
1
What is the ten millions digit of 60249403?
6
What is the millions digit of 8702467561?
2
What is the tens digit of 816042470?
7
What is the hundreds digit of 310234865?
8
What is the hundred thousands digit of 483548669?
5
What is the thousands digit of 2070875392?
5
What is the ten millions digit of 42680261?
4
What is the ten millions digit of 36463626?
3
What is the hundred thousands digit of 1026347424?
3
What is the tens digit of 3277374543?
4
What is the millions digit of 101115359?
1
What is the thousands digit of 40064568?
4
What is the millions digit of 19782415?
9
What is the ten thousands digit of 108659376?
5
What is the millions digit of 97435295?
7
What is the millions digit of 316458172?
6
What is the ten millions digit of 857493816?
5
What is the units digit of 55570437?
7
What is the ten thousands digit of 100170490?
7
What is the millions digit of 8329095410?
9
What is the millions digit of 21466123?
1
What is the thousands digit of 53048882?
8
What is the ten thousands digit of 49238551?
3
What is the millions digit of 481134456?
1
What is the millions digit of 60348154?
0
What is the ten millions digit of 2094773194?
9
What is the units digit of 260412516?
6
What is the ten millions digit of 35872158?
3
What is the tens digit of 616275995?
9
What is the units digit of 11224413?
3
What is the millions digit of 64810111?
4
What is the ten millions digit of 58217952?
5
What is the tens digit of 305446734?
3
What is the hundreds digit of 1327595413?
4
What is the hundreds digit of 6988811?
8
What is the hundreds digit of 121650420?
4
What is the hundred thousands digit of 59567716?
5
What is the hundreds digit of 1856873764?
7
What is the ten thousands digit of 573913847?
1
What is the units digit of 201998954?
4
What is the hundred thousands digit of 345558777?
5
What is the units digit of 78366040?
0
What is the hundred thousands digit of 364724466?
7
What is the units digit of 19407189?
9
What is the tens digit of 2866114051?
5
What is the hundred millions digit of 408219263?
4
What is the units digit of 2101198009?
9
What is the tens digit of 238360498?
9
What is the units di